housands digit of 96790606?
9
What is the tens digit of 21378603?
0
What is the thousands digit of 175857990?
7
What is the tens digit of 185999033?
3
What is the billions digit of 2998900809?
2
What is the thousands digit of 282891723?
1
What is the thousands digit of 5065750761?
0
What is the ten thousands digit of 190561439?
6
What is the hundred millions digit of 820494031?
8
What is the hundreds digit of 19088969?
9
What is the hundred millions digit of 526390549?
5
What is the ten millions digit of 62694950?
6
What is the units digit of 52041993?
3
What is the hundred thousands digit of 4348788715?
7
What is the billions digit of 7267167222?
7
What is the ten thousands digit of 186804687?
0
What is the millions digit of 1121862939?
1
What is the ten thousands digit of 76102290?
0
What is the hundred thousands digit of 337004443?
0
What is the tens digit of 28134960?
6
What is the millions digit of 9389306?
9
What is the hundreds digit of 4426800391?
3
What is the ten millions digit of 39716154?
3
What is the hundred millions digit of 1389208151?
3
What is the ten thousands digit of 1897357107?
5
What is the hundred millions digit of 557332211?
5
What is the ten millions digit of 41132246?
4
What is the hundreds digit of 341948715?
7
What is the hundred thousands digit of 1806985964?
9
What is the millions digit of 2433402179?
3
What is the units digit of 74811695?
5
What is the ten millions digit of 84871542?
8
What is the ten thousands digit of 42702589?
0
What is the hundreds digit of 216450059?
0
What is the ten thousands digit of 1140045876?
4
What is the ten millions digit of 36329831?
3
What is the hundreds digit of 1214082602?
6
What is the thousands digit of 267679713?
9
What is the hundred thousands digit of 166798110?
7
What is the hundreds digit of 175570512?
5
What is the millions digit of 45824339?
5
What is the ten thousands digit of 1120781714?
8
What is the millions digit of 249611105?
9
What is the millions digit of 1166326758?
6
What is the units digit of 2300819864?
4
What is the hundred thousands digit of 14481013?
4
What is the units digit of 59882699?
9
What is the hundreds digit of 690987553?
5
What is the tens digit of 10883573?
7
What is the ten millions digit of 291963061?
9
What is the hundred thousands digit of 45280431?
2
What is the tens digit of 109194738?
3
What is the millions digit of 1025340182?
5
What is the units digit of 1799076114?
4
What is the tens digit of 68678851?
5
What is the ten millions digit of 131098437?
3
What is the hundreds digit of 116667160?
1
What is the tens digit of 3365108562?
6
What is the hundred millions digit of 483799028?
4
What is the ten thousands digit of 26148885?
4
What is the hundred thousands digit of 77420885?
4
What is the hundreds digit of 5806836300?
3
What is the hundred thousands digit of 117558304?
5
What is the tens digit of 1057485278?
7
What is the millions digit of 542617427?
2
What is the ten millions digit of 88564087?
8
What is the thousands digit of 1016742537?
2
What is the hundred millions digit of 331596573?
3
What is the ten thousands digit of 69371624?
7
What is the tens digit of 905275514?
1
What is the ten thousands digit of 355511036?
1
What is the units digit of 1024265990?
0
What is the units digit of 154157789?
9
What is the thousands digit of 29376154?
6
What is the hundreds digit of 2551529549?
5
What is the millions digit of 63718746?
3
What is the tens digit of 141779098?
9
What is the ten thousands digit of 861519477?
1
What is the thousands digit of 4356920049?
0
What is the hundred millions digit of 778968581?
7
What is the hundred thousands digit of 473927797?
9
What is the ten millions digit of 151634237?
5
What is the ten thousands digit of 510636731?
3
What is the units digit of 81048064?
4
What is the ten thousands digit of 90604619?
0
What is the hundreds digit of 62090505?
5
What is the hundred millions digit of 3868788482?
8
What is the units digit of 144917412?
2
What is the ten thousands digit of 6363907?
6
What is the thousands digit of 35921914?
1
What is the ten millions digit of 13856121?
1
What is the hundred thousands digit of 99657953?
6
What is the billions digit of 1461906533?
1
What is the ten millions digit of 59544099?
5
What is the ten millions digit of 62893582?
6
What is the thousands digit of 100778783?
8
What is the thousands digit of 162108376?
8
What is the hundred millions digit of 189857122?
1
What is the hundred millions digit of 174298774?
1
What is the ten thousands digit of 119028623?
2
What is the tens digit of 6652182646?
4
What is the millions digit of 76777522?
6
What is the hundreds digit of 4187127023?
0
What is the ten thousands digit of 256085981?
8
What is the tens digit of 21379863?
6
What is the units digit of 159189671?
1
What is the thousands digit of 103860887?
0
What is the ten thousands digit of 2291070569?
7
What is the thousands digit of 14233511?
3
What is the hundred thousands digit of 323045758?
0
What is the thousands digit of 74935385?
5
What is the ten millions digit of 1833916244?
3
What is the units digit of 574361048?
8
What is the units digit of 311921875?
5
What is the ten thousands digit of 796915651?
1
What is the hundreds digit of 413794408?
4
What is the millions digit of 2863439270?
3
What is the millions digit of 81934627?
1
What is the millions digit of 351475169?
1
What is the hundred thousands digit of 68591233?
5
What is the millions digit of 41614505?
1
What is the tens digit of 21083827?
2
What is the ten thousands digit of 1193977304?
7
What is the ten thousands digit of 1184635787?
3
What is the thousands digit of 1983398024?
8
What is the millions digit of 1442548184?
2
What is the hundreds digit of 44535174?
1
What is the hundreds digit of 1364475594?
5
What is the hundreds digit of 2742161831?
8
What is the units digit of 1732191431?
1
What is the hundred thousands digit of 96497996?
4
What is the thousands digit of 145223932?
3
What is the hundreds digit of 2427316850?
8
What is the ten millions digit of 190208531?
9
What is the millions digit of 41240633?
1
What is the ten millions digit of 121883317?
2
What is the hundred thousands digit of 3188085019?
0
What is the ten millions digit of 5691913656?
9
What is the units digit of 552848569?
9
What is the hundred thousands digit of 51882159?
8
What is the hundred thousands digit of 146649936?
6
What is the hundred thousands digit of 451917305?
9
What is the tens digit of 1594605073?
7
What is the millions digit of 755984651?
5
What is the ten millions digit of 488537264?
8
What is the millions digit of 479834772?
9
What is the thousands digit of 272307717?
7
What is the hundred millions digit of 1372824812?
3
What is the millions digit of 1020436132?
0
What is the tens digit of 89931805?
0
What is the ten millions digit of 523365770?
2
What is the hundreds digit of 96948333?
3
What is the ten thousands digit of 80414580?
1
What is the tens digit of 1182000563?
6
What is the tens digit of 57557789?
8
What is the millions digit of 35618615?
5
What is the hundred thousands digit of 749958504?
9
What is the ten thousands digit of 4712482036?
8
What is the hundreds digit of 1431541522?
5
What is the hundred thousands digit of 752784786?
7
What is the hundreds digit of 54622739?
7
What is the hundreds digit of 15112804?
8
What is the millions digit of 2659824?
2
What is the ten millions digit of 253258100?
5
What is the billions digit of 2430294269?
2
What is the ten millions digit of 62477089?
6
What is the hundred millions digit of 1289629135?
2
What is the hundred thousands digit of 1188650074?
6
What is the units digit of 7742668?
8
What is the ten thousands digit of 21354743?
5
What is the ten thousands digit of 8190077?
9
What is the hundreds digit of 166137704?
7
What is the ten thousands digit of 3295505759?
0
What is the ten millions digit of 142311999?
4
What is the hundreds digit of 465888632?
6
What is the hundreds digit of 1505587335?
3
What is the tens digit of 324102148?
4
What is the units digit of 127336092?
2
What is the ten millions digit of 97326765?
9
What is the ten thousands digit of 349265746?
6
What is the ten thousands digit of 40022463?
2
What is the units digit of 163653355?
5
Wh